on factor of r and 33.
33
Let u(o) = o**2 + 3*o - 4. Let n(r) = 11*r - 2. Let w be n(1). Let b = w + -6. Let d be u(b). What is the highest common factor of d and 21?
7
Let x(g) = 16*g**2 + 46*g - 180. Let o be x(4). What is the greatest common factor of 78 and o?
26
Let q = -22 + 26. Suppose q*w - 15*w + 264 = 0. Calculate the highest common factor of 192 and w.
24
Suppose 3*n + q - 596 = 0, -252 - 564 = -4*n + 4*q. Let j = 4 + 76. What is the greatest common factor of n and j?
40
Let j(x) = 86*x + 128. Let f be j(-1). Suppose -4*k + 30 = 6. Calculate the highest common divisor of k and f.
6
Let c(l) = 3*l - 11. Let t be ((-54)/(-12) - -2)/(2/4). Let b be c(t). Calculate the greatest common divisor of 196 and b.
28
Let v(z) = -8*z**2 - 34*z**3 - 15*z**2 + 17*z**3 - 46 + 16*z**3 + 21*z. Let y be v(-24). Calculate the greatest common factor of y and 65.
13
Let y(c) = 8*c**2 + 25*c - 16. Let p be y(-7). What is the greatest common divisor of 6 and p?
3
Suppose c + 2*m - 198 = 0, -2*m + 405 = 2*c - m. Calculate the greatest common factor of c and 24.
12
Let y(l) = -31*l - 60. Let n be y(-6). Calculate the highest common factor of n and 14.
14
Let r be ((0 - 1) + 0)*1. Let w be (648 - -7) + -2 + r. Let p be w/18 + 4/(-18). What is the highest common factor of 90 and p?
18
Let i be -1 + 1 + 81 - 16/(-4). What is the greatest common divisor of 697 and i?
17
Let i be (0 + 9)*-6*5/(-90). Let p be (-2)/i - 749/(-21). Calculate the greatest common factor of 175 and p.
35
Let a be (87/(-145))/((-2)/(-10))*-21. Calculate the greatest common factor of 1827 and a.
63
Let p be (-28)/42 - (33/(-9) + 1). What is the greatest common divisor of 5 and p?
1
Suppose 4*z + 19 - 39 = 0. Suppose z*m = 34 + 1. What is the greatest common divisor of m and 84?
7
Let f(y) = 4*y + 24. Let a be f(-7). Let n be -10*a/(-8)*-2. Calculate the highest common factor of n and 10.
10
Let x(f) = 18*f**2 + 19*f + 23*f**3 - 9*f**3 - 15*f**3 + 11. Let i be x(19). Let b be 10/45 + (-14)/(-18). What is the greatest common divisor of b and i?
1
Suppose 5*d = l - 20, -6*l + l + 2*d + 8 = 0. Suppose -5*k - 5*s + 160 = l, -2*k - 4*s + 100 = k. What is the highest common divisor of 70 and k?
14
Let t be 69/2*(-24)/9. Let g be t*(-2)/((-16)/(-14)). What is the highest common divisor of g and 23?
23
Let d(n) = 25*n**3 + n**2 - n. Let t be d(1). Let f = -32 - -17. Let v = t + f. Calculate the greatest common divisor of v and 10.
10
Let b be (-26364)/(-48) - 6/(-8). Let m be (-3)/(-6*(-3)/(-300)). Calculate the greatest common factor of m and b.
50
Let o = 41 - -15. Let p = o + -46. Let l be 3*12*10/4. What is the greatest common factor of p and l?
10
Let q = -19 + 26. Suppose -138 = -2*t - 3*w, -2*t + 4*w + 236 = 2*t. Calculate the greatest common factor of q and t.
7
Suppose 2*r - 59 - 71 = 0. What is the greatest common divisor of 117 and r?
13
Let g(j) be the second derivative of 2/3*j**3 - j - 5/4*j**4 + 1/20*j**5 + 0 - 5/2*j**2. Let r be g(15). Calculate the greatest common factor of r and 11.
11
Suppose 1050 = 5*x - 870. What is the greatest common divisor of 36 and x?
12
Let w = 1 - -3. Suppose 4*l - 40 = -w*q, -18 = -5*l - q + 40. Suppose -11*p = -13*p + 8. Calculate the greatest common factor of l and p.
4
Let s(y) = -3*y**3 - 3*y**2 + y + 2. Let r be s(-2). Let k = -5623 + 5677. Calculate the highest common divisor of r and k.
6
Let o(y) = y**2 - 6*y - 110. Let h be o(-10). Calculate the greatest common divisor of h and 40.
10
Let a be 2278 + -3*(-25)/(-15) + 2. Calculate the greatest common factor of a and 35.
35
Let v be (-104)/130 - 7/(70/(-1188)). What is the highest common factor of v and 1121?
59
Suppose -315 = -326*s + 281*s. Calculate the greatest common divisor of s and 196.
7
Let l(n) = -3*n - 13. Let h be l(12). Let y = 57 + h. What is the highest common divisor of 12 and y?
4
Let q be -12*(5 - (-102)/(-18)). What is the highest common divisor of 816 and q?
8
Let i(n) = n**2 + 10*n - 21. Let t be i(-13). Suppose t = 3*o + 12. Calculate the highest common factor of 5 and o.
1
Suppose -81 = -5*l - 4*i, -13*l + 3*i = -12*l - 20. Suppose -g = -5*h + 341, 3*h + 2*g + 59 = 261. Calculate the greatest common factor of l and h.
17
Suppose -5*t = i - 47, 9*i + 3*t - 345 = 4*i. Let l(m) = m**2 + 23*m + 66. Let c be l(-21). Calculate the highest common factor of i and c.
24
Let j be 0 - -3*4/6. Suppose 5*g - 40 = -4*i + 214, j*g = -4*i + 92. Suppose 6*t = 3*t + 27. What is the highest common divisor of g and t?
9
Let j(m) = -5*m**2 + 22*m + 30. Let v(c) = 2*c**2 - 11*c - 15. Let z(s) = 3*j(s) + 7*v(s). Let x be z(-6). What is the highest common factor of x and 150?
15
Let z be ((-36)/(-21))/(2/14). Let w = -12 + z. Suppose v - 18 = -w*v. Calculate the highest common factor of v and 18.
18
Let n(m) = 7 + 4 + 11 - 10 + 6*m. Let p be n(7). Let d be 68/2 - (0 - 2). Calculate the highest common divisor of p and d.
18
Let l = -971 - -1021. Calculate the greatest common factor of l and 1600.
50
Let z = 4 - -5. Let g(s) = s**2 + 2*s + 13. Let o be g(0). Let u = 68 + o. What is the highest common factor of u and z?
9
Let h(s) = -5*s**2 + 3*s - 2. Let i(n) = n**2 + 1. Let c(b) = -h(b) - 4*i(b). Let o be c(-2). Calculate the highest common divisor of 8 and o.
8
Suppose -5*x + 1280 = -4*o, -3*o + 280 = 3*x - 461. Calculate the highest common factor of 14 and x.
14
Suppose 2*s = -c + 7*s + 56, 180 = 5*c - 5*s. Calculate the highest common divisor of 341 and c.
31
Suppose -5*o = -2*t - 3, 3*t + o + 21 = t. Let i be ((-60)/t)/(1/3). Let r be (-1 - 6/(-10))*-125. What is the highest common factor of i and r?
10
Let s = 41 + -22. Let c = 27 - -30. What is the highest common divisor of c and s?
19
Suppose -5*b - 4*i + 9 - 1 = 0, b - 4*i - 16 = 0. Suppose 3*z - 15 = 0, -4*d + b*z - 24 = -60. What is the greatest common factor of d and 154?
14
Let o = -27 - -32. Suppose -o*l + 34 = j, -2*j - l + 36 = -5. Calculate the highest common factor of j and 19.
19
Let b = 326 + -270. Suppose -34 = -s + 36. Calculate the greatest common factor of b and s.
14
Suppose 1007*b = 1006*b + 16. Calculate the greatest common divisor of b and 16.
16
Let b(d) = 241*d**3 + d**2 + 4*d - 3. Let p be b(2). Calculate the greatest common factor of 13 and p.
13
Suppose -2*h - 3*v = 3*h - 88, -3*h + 55 = 4*v. Suppose 0 = 4*k - 5*u - 247, -k + 28 = -5*u - 15. What is the highest common factor of h and k?
17
Suppose -20*m + 326 = -534. Calculate the greatest common factor of m and 86.
43
Let b be (54/(-45))/((9/160)/(-3)). Let k = 0 - -4. Suppose -k*x + 0*x = -32. What is the highest common factor of x and b?
8
Let v(q) = -4*q + 26. Suppose 8 = 20*o - 18*o. Let c be v(o). What is the highest common factor of 10 and c?
10
Suppose g + 2*m = 27, -59 = 5*g - 7*g - 3*m. Calculate the greatest common factor of g and 851.
37
Let c(i) = 0 - 4 + 4 - i. Let x be c(0). Suppose 3*p + x*p = 75. Calculate the greatest common divisor of 150 and p.
25
Let j(k) = -2*k - 46. Let q be j(12). Let r be q/(4 + -6) + -3. Calculate the highest common factor of r and 48.
16
Let q be 4/6*(-3)/2. Let d be (-3 - (q - 3))*45. Let s be 3/(-18)*-10*9. Calculate the highest common divisor of d and s.
15
Let o = -383 - -400. Calculate the highest common factor of 527 and o.
17
Suppose 3*x + c = 4*c + 138, -2*c + 112 = 2*x. Let f = 57 - 40. Calculate the greatest common divisor of f and x.
17
Let u(n) = n**3 + 39*n**2 + 68*n - 32. Let y be u(-37). Calculate the greatest common factor of y and 50.
10
Let k = 1027 + -1018. What is the highest common divisor of 177 and k?
3
Suppose 6*h = 17*h - 737. Suppose 0 = 4*o - 3*p - h - 108, -10 = 2*p. Calculate the greatest common factor of o and 80.
40
Suppose -10*x + 496 = -1604. Suppose -3*f = -2*a - 98, -4*f + 2*a = -2*f - 68. What is the greatest common divisor of f and x?
30
Suppose 15 = -5*g, -2*g - 99 = 3*f - 21. Let z be (78/f)/((-1)/4). What is the highest common factor of z and 39?
13
Let a(p) = -8*p - 3*p + 2*p. Let l be a(-7). Let o be (12/(-2))/(48/(-72)). What is the greatest common divisor of o and l?
9
Suppose 3*p = -p + 52. Suppose 0 = q + p - 33. What is the highest common divisor of q and 60?
20
Suppose 5*s + 3*u - 149 = 3*s, -s = u - 76. Let n = s + -70. Let a be 50/6 + 4/6. Calculate the greatest common